 is divided by 9.
8
Suppose -5*g = -11 - 4. Suppose -4*x + 6 = 2*s - 4, 5*s - 51 = g*x. Suppose -50 = -8*y - 2*y. Calculate the remainder when s is divided by y.
4
Let j = 26 - -97. What is the remainder when j is divided by 31?
30
Suppose 0 = g - 5*g + 472. What is the remainder when g is divided by 30?
28
Let r(i) = i**2 + i - 5. Calculate the remainder when 19 is divided by r(-4).
5
Let k be (-160)/(-6) - (-7)/21. Let n = 59 - k. What is the remainder when n is divided by 11?
10
What is the remainder when 3 - (-135 + -1 + 2) is divided by 14?
11
Suppose 0 = -5*i + 7 + 28. Suppose -5*c = -8 - 52. Calculate the remainder when c is divided by i.
5
Let w be 4/6 + (-22)/(-3). Suppose y - 2*k = 15, y = -3*k + k - 5. Calculate the remainder when (-2)/w*260/(-5) is divided by y.
3
What is the remainder when (-6)/(-10) - 274/(-10) is divided by 10?
8
Calculate the remainder when 35 is divided by (-18)/7*21/(12/(-4)).
17
Suppose 4 + 6 = 2*j. Suppose -8*r = -9*r + 19. What is the remainder when r is divided by j?
4
Let m be ((-6)/(-21))/((-3)/(-21)). Suppose u - 2 = m. Suppose 9*a - u*a = 190. Calculate the remainder when a is divided by 13.
12
Let f = -25 + 31. Suppose b + 4 - 21 = 0. What is the remainder when b is divided by f?
5
Let a = -1 + 12. Suppose 2*h - 59 = 5*p - a, -5*h - 5*p = -85. Calculate the remainder when h is divided by 5.
4
Suppose -2*l = -0*l - 64. What is the remainder when l is divided by 17?
15
Let z(d) = -30*d. Let s be z(1). Let g be -2*5/(s/9). Suppose 51 = -0*l + g*l. What is the remainder when l is divided by 9?
8
Let j(s) = -3*s + 1. Let n(a) = a**3 + 5*a**2 + 2*a - 5. What is the remainder when j(-4) is divided by n(-3)?
6
Let v(r) = 2*r**2 - 8*r - 2. Calculate the remainder when 43*(5 + -3 - 1) is divided by v(6).
21
Let c be (-186)/(-30) - (-1)/(-5). Let r = 12 - c. What is the remainder when 10 - -1 - (-1 - -1) is divided by r?
5
Calculate the remainder when 68 is divided by (-172)/(-12) - (1 - (-8)/(-12)).
12
Let c = -17 + 25. Calculate the remainder when 14 is divided by c.
6
Calculate the remainder when 75 is divided by 0 - (-15 + (-4 - -4 - 1)).
11
Let m(u) = u**2 - 5*u - 3. Let a be m(6). Suppose a + 67 = 5*d. What is the remainder when 26 is divided by d?
12
Let l = -8 - -15. Let z = 10 + l. What is the remainder when z is divided by 9?
8
Let m(z) = -6*z - 13. Let r(c) = -c**3 - 14*c**2 - c - 20. Let u be r(-14). What is the remainder when m(u) is divided by 6?
5
Let o(a) = -3*a - 23. Let w(s) = 3*s + 4. What is the remainder when w(5) is divided by o(-11)?
9
Let f(z) = -z**2 + 2*z + 2. Let m be f(2). Let y = m - -5. What is the remainder when 19 is divided by y?
5
Let o = -15 + 40. Suppose -3*y + 3*c - 21 = 0, -1 - 9 = -2*c. What is the remainder when o is divided by (-27)/(-2) + 1/y?
12
Suppose 2*w + 2*r = 22, -28 = -0*w - 3*w + 2*r. Calculate the remainder when w is divided by 17/(34/18) - 3/1.
4
Let a(r) = -r**2 - 10*r + 13. Let x(b) be the third derivative of b**4/24 - 5*b**3/6 + 4*b**2. Let c be x(-6). What is the remainder when 7 is divided by a(c)?
1
Calculate the remainder when 15 is divided by ((-4)/(-12))/(1/18).
3
Let b(m) = -m + 15. Let p be b(7). Suppose -l = -5*l + p. What is the remainder when l is divided by 1?
0
Suppose 0 = 2*j + 3*j + 250. Let r(a) = -a**2 + 10*a - 7. What is the remainder when (0 + j/3)*-3 is divided by r(6)?
16
Suppose -54*v = -59*v + 65. Calculate the remainder when v is divided by 3.
1
Calculate the remainder when 13 is divided by (6 - 7/(-28)) + (-1)/4.
1
Calculate the remainder when 315/14*12/10 is divided by 16.
11
Let b = 20 + -18. Suppose -b*p + 22 = g, -2*p - 4*g = g - 14. What is the remainder when 35 is divided by p?
11
Suppose 0*s - 4*s = -76. Let l = 83 + -28. Calculate the remainder when l is divided by s.
17
Suppose -f - 3*f = 0. Suppose f*s - s + 14 = 2*t, 0 = 2*s + 2*t - 24. Suppose 76 = -0*n + 2*n. What is the remainder when n is divided by s?
8
Let a be (-4)/6*(-18)/4. Suppose 2*p + a = q, 2*q = -2*q + 2*p + 36. Calculate the remainder when q is divided by 7.
4
Let u(d) be the third derivative of d**6/120 - 7*d**5/60 + 5*d**4/24 - 2*d**3/3 - 2*d**2. What is the remainder when u(7) is divided by 11?
9
Let a = 1 - -5. Let f(u) = 2*u**3 - 4*u**2 - 3*u + 7. Calculate the remainder when f(3) is divided by a.
4
Suppose 3*a = 4*v + 19 + 15, a + 3*v + 6 = 0. What is the remainder when 40 is divided by a?
4
Let h be (-2)/4*(1 - 1). Suppose h = 2*s - 121 + 27. What is the remainder when s is divided by 12?
11
Suppose -3*n = 4*n - 63. Calculate the remainder when 16 is divided by n.
7
Let g(s) = -s**3 - 13*s**2 - s - 9. Let d be g(-13). Suppose -238 = -d*r - 6. What is the remainder when r is divided by 15?
13
Suppose -3*s = 6, -3*b - 2 = 5*s + 2. Let h = 8 + b. Suppose -10 - h = -2*q. Calculate the remainder when q is divided by 6.
4
Let o(u) = u**2 + 5*u + 5. Let g be o(-5). Suppose -g*j - 13 + 43 = 0. Calculate the remainder when j is divided by 2.
0
Suppose 5*z - 663 = 2*c, -3*c + 4*c = z - 135. Calculate the remainder when z is divided by 44.
43
Suppose -3*v - 38 = -5*x, -v = -4*x + v + 32. Calculate the remainder when 37 is divided by x.
7
Suppose -4*l = -0*l - 5*n - 15, -6 = 2*n. Suppose l = 5*z - 4*c - 9, c + 3 = -3*z + 5. Calculate the remainder when 3 + -2 - (1 - 2) is divided by z.
0
Suppose 4*w = 6*w - 104. Let f(v) = 14*v**2 - v + 1. Let q be f(1). Let j = 32 - q. What is the remainder when w is divided by j?
16
Let b be (-2)/6 + 78/(-9). Let a = 7 + b. Calculate the remainder when a + (2 - 4)*-17 is divided by 11.
10
Let t(l) = -l**3 - 25*l**2 + 25*l + 2. What is the remainder when t(-26) is divided by 8?
4
Let a = 1 - -12. Calculate the remainder when 37 is divided by a.
11
Let b = 1 - 3. Let o be b/3 - (-92)/(-6). Let s = 34 + o. What is the remainder when 34 is divided by s?
16
Let n(c) = -3*c**3 - 3*c**2 - 4*c - 4. What is the remainder when 44 is divided by n(-2)?
12
Suppose 280 = 11*y - 3*y. What is the remainder when 172 is divided by y?
32
Suppose -2*b - 35 = -113. Calculate the remainder when b is divided by 11.
6
Let r(p) = p**3 + p**2. Let x be r(0). Suppose x*q + 32 = 4*q. What is the remainder when 21 is divided by q?
5
Let w = 10 + -28. Let m = w + 36. Suppose -4*n + 3*n = -10. Calculate the remainder when m is divided by n.
8
Let t(g) = g**2 + 1. Let z be t(2). Suppose 0 = z*j - 27 - 83. Calculate the remainder when j is divided by 7*(2 - 1) - -1.
6
What is the remainder when -3*(-6)/9 + 22 is divided by 5?
4
Let h = -93 + 119. Calculate the remainder when h is divided by 11.
4
What is the remainder when (-2 - (-165 - 1))/2 is divided by 28?
26
Let m(k) = -k**3 + 8*k**2 + 4*k + 3. Let d(x) = -x**3 + 8*x**2 + 5*x + 3. Let h(a) = -2*d(a) + 3*m(a). Calculate the remainder when h(8) is divided by 7.
5
Let u(b) = -23*b + 8 + 9 - 15. Let w be u(-6). Suppose 3*t + 12 = -4*c + 124, -3*t + w = 5*c. What is the remainder when 82 is divided by c?
26
Let h(i) = -3*i. Let b be h(-1). Suppose -18 + b = -q. Suppose -5*c = 5*d - 227 + 42, -3*c + 69 = 2*d. Calculate the remainder when d is divided by q.
12
What is the remainder when 7 is divided by 1/5*5*4?
3
Suppose 0 = 4*x + 4*q - 0*q - 12, -4*x = 5*q - 10. Suppose 3*j = -5*a + 56, 3 = -x*a + 8. Let r = 7 - -26. What is the remainder when r is divided by j?
16
Let y = 347 + -215. Suppose 5*k = -5*q - 315, -3*k + k - y = 4*q. Let p = -39 - k. What is the remainder when 62 is divided by p?
20
Suppose 2*o + 50 = -3*d + 7*d, -4*o + 68 = 4*d. Calculate the remainder when d is divided by 4.
2
Let m(r) = -r**2 + 14*r + 1. Let q be m(12). Suppose -5*w - 3*k + q = -4*k, 0 = -2*k. Let s = 0 + 2. Calculate the remainder when w is divided by s.
1
Let d(s) = s - 7. Let p be d(9). Let v be (-1 - 1)*p/(-2). Calculate the remainder when 31 is divided by (4 - v)*(-11)/(-2).
9
Let p(x) = 6*x**3 - 2*x**2 - 3*x + 2. Let b be p(2). Let s = 151 - 84. Let q = s - b. What is the remainder when q is divided by 11?
9
Let b(d) = -17*d + 5. What is the remainder when 74 is divided by b(-1)?
8
Let i = 0 - -7. What is the remainder when 25 is divided by i?
4
Let h = -23 + -64. Let d be h/(-6)*2/(-1). Let t = -14 - d. Calculate the remainder when 29 is divided by t.
14
Let d = 131 + -125. Calculate the remainder when 10 is divide